{"id":269,"date":"2022-11-29T17:09:52","date_gmt":"2022-11-29T16:09:52","guid":{"rendered":"https:\/\/miniwiddervomkirschbaum.de\/?page_id=269"},"modified":"2024-06-08T07:20:43","modified_gmt":"2024-06-08T06:20:43","slug":"aeltere-abgabetiere","status":"publish","type":"page","link":"https:\/\/miniwiddervomkirschbaum.de\/index.php\/aeltere-abgabetiere\/","title":{"rendered":"\u00c4ltere Abgabetiere"},"content":{"rendered":"\t\t<div data-elementor-type=\"wp-page\" data-elementor-id=\"269\" class=\"elementor elementor-269\">\n\t\t\t\t\t\t<section class=\"elementor-section elementor-top-section elementor-element elementor-element-18d19d40 elementor-section-boxed elementor-section-height-default elementor-section-height-default\" data-id=\"18d19d40\" data-element_type=\"section\">\n\t\t\t\t\t\t<div class=\"elementor-container elementor-column-gap-default\">\n\t\t\t\t\t<div class=\"elementor-column elementor-col-50 elementor-top-column elementor-element elementor-element-7b05fc30\" data-id=\"7b05fc30\" data-element_type=\"column\">\n\t\t\t<div class=\"elementor-widget-wrap elementor-element-populated\">\n\t\t\t\t\t\t<div class=\"elementor-element elementor-element-457ab896 elementor-arrows-position-outside elementor-pagination-position-outside elementor-widget elementor-widget-image-carousel\" data-id=\"457ab896\" data-element_type=\"widget\" data-settings=\"{&quot;slides_to_show&quot;:&quot;1&quot;,&quot;autoplay&quot;:&quot;no&quot;,&quot;navigation&quot;:&quot;both&quot;,&quot;infinite&quot;:&quot;yes&quot;,&quot;effect&quot;:&quot;slide&quot;,&quot;speed&quot;:500}\" data-widget_type=\"image-carousel.default\">\n\t\t\t\t<div class=\"elementor-widget-container\">\n\t\t\t<style>\/*! elementor - v3.21.0 - 26-05-2024 *\/\n.elementor-widget-image-carousel .swiper,.elementor-widget-image-carousel .swiper-container{position:static}.elementor-widget-image-carousel .swiper-container .swiper-slide figure,.elementor-widget-image-carousel .swiper .swiper-slide figure{line-height:inherit}.elementor-widget-image-carousel .swiper-slide{text-align:center}.elementor-image-carousel-wrapper:not(.swiper-container-initialized):not(.swiper-initialized) .swiper-slide{max-width:calc(100% \/ var(--e-image-carousel-slides-to-show, 3))}<\/style>\t\t<div class=\"elementor-image-carousel-wrapper swiper\" dir=\"ltr\">\n\t\t\t<div class=\"elementor-image-carousel swiper-wrapper\" aria-live=\"polite\">\n\t\t\t\t\t\t\t\t<div class=\"swiper-slide\" role=\"group\" aria-roledescription=\"slide\" aria-label=\"1 von 3\"><a data-elementor-open-lightbox=\"yes\" data-elementor-lightbox-slideshow=\"457ab896\" data-e-action-hash=\"#elementor-action%3Aaction%3Dlightbox%26settings%3DeyJpZCI6MjQ1OSwidXJsIjoiaHR0cHM6XC9cL21pbml3aWRkZXJ2b21raXJzY2hiYXVtLmRlXC93cC1jb250ZW50XC91cGxvYWRzXC8yMDIzXC8xMFwvMjAyMzA5MDhfMTkzODI2LXNjYWxlZC5qcGciLCJzbGlkZXNob3ciOiI0NTdhYjg5NiJ9\" href=\"https:\/\/miniwiddervomkirschbaum.de\/wp-content\/uploads\/2023\/10\/20230908_193826-scaled.jpg\"><figure class=\"swiper-slide-inner\"><img decoding=\"async\" class=\"swiper-slide-image\" src=\"https:\/\/miniwiddervomkirschbaum.de\/wp-content\/uploads\/2023\/10\/20230908_193826-300x225.jpg\" alt=\"Imani - Zuhause gesucht\" \/><\/figure><\/a><\/div><div class=\"swiper-slide\" role=\"group\" aria-roledescription=\"slide\" aria-label=\"2 von 3\"><a data-elementor-open-lightbox=\"yes\" data-elementor-lightbox-slideshow=\"457ab896\" data-e-action-hash=\"#elementor-action%3Aaction%3Dlightbox%26settings%3DeyJpZCI6MjQ1OCwidXJsIjoiaHR0cHM6XC9cL21pbml3aWRkZXJ2b21raXJzY2hiYXVtLmRlXC93cC1jb250ZW50XC91cGxvYWRzXC8yMDIzXC8xMFwvMjAyMzA5MDhfMTkzNzI1LXNjYWxlZC5qcGciLCJzbGlkZXNob3ciOiI0NTdhYjg5NiJ9\" href=\"https:\/\/miniwiddervomkirschbaum.de\/wp-content\/uploads\/2023\/10\/20230908_193725-scaled.jpg\"><figure class=\"swiper-slide-inner\"><img decoding=\"async\" class=\"swiper-slide-image\" src=\"https:\/\/miniwiddervomkirschbaum.de\/wp-content\/uploads\/2023\/10\/20230908_193725-300x225.jpg\" alt=\"Imani - Zuhause gesucht\" \/><\/figure><\/a><\/div><div class=\"swiper-slide\" role=\"group\" aria-roledescription=\"slide\" aria-label=\"3 von 3\"><a data-elementor-open-lightbox=\"yes\" data-elementor-lightbox-slideshow=\"457ab896\" data-e-action-hash=\"#elementor-action%3Aaction%3Dlightbox%26settings%3DeyJpZCI6MjQ2MCwidXJsIjoiaHR0cHM6XC9cL21pbml3aWRkZXJ2b21raXJzY2hiYXVtLmRlXC93cC1jb250ZW50XC91cGxvYWRzXC8yMDIzXC8xMFwvMjAyMzA5MDhfMTkzOTQzLXNjYWxlZC5qcGciLCJzbGlkZXNob3ciOiI0NTdhYjg5NiJ9\" href=\"https:\/\/miniwiddervomkirschbaum.de\/wp-content\/uploads\/2023\/10\/20230908_193943-scaled.jpg\"><figure class=\"swiper-slide-inner\"><img decoding=\"async\" class=\"swiper-slide-image\" src=\"https:\/\/miniwiddervomkirschbaum.de\/wp-content\/uploads\/2023\/10\/20230908_193943-300x225.jpg\" alt=\"20230908_193943\" \/><\/figure><\/a><\/div>\t\t\t<\/div>\n\t\t\t\t\t\t\t\t\t\t\t\t<div class=\"elementor-swiper-button elementor-swiper-button-prev\" role=\"button\" tabindex=\"0\">\n\t\t\t\t\t\t<i aria-hidden=\"true\" class=\"eicon-chevron-left\"><\/i>\t\t\t\t\t<\/div>\n\t\t\t\t\t<div class=\"elementor-swiper-button elementor-swiper-button-next\" role=\"button\" tabindex=\"0\">\n\t\t\t\t\t\t<i aria-hidden=\"true\" class=\"eicon-chevron-right\"><\/i>\t\t\t\t\t<\/div>\n\t\t\t\t\n\t\t\t\t\t\t\t\t\t<div class=\"swiper-pagination\"><\/div>\n\t\t\t\t\t\t\t\t\t<\/div>\n\t\t\t\t<\/div>\n\t\t\t\t<\/div>\n\t\t\t\t\t<\/div>\n\t\t<\/div>\n\t\t\t\t<div class=\"elementor-column elementor-col-50 elementor-top-column elementor-element elementor-element-473cb8ce\" data-id=\"473cb8ce\" data-element_type=\"column\">\n\t\t\t<div class=\"elementor-widget-wrap elementor-element-populated\">\n\t\t\t\t\t\t<div class=\"elementor-element elementor-element-5f568be9 elementor-widget elementor-widget-text-editor\" data-id=\"5f568be9\" data-element_type=\"widget\" data-widget_type=\"text-editor.default\">\n\t\t\t\t<div class=\"elementor-widget-container\">\n\t\t\t<style>\/*! elementor - v3.21.0 - 26-05-2024 *\/\n.elementor-widget-text-editor.elementor-drop-cap-view-stacked .elementor-drop-cap{background-color:#69727d;color:#fff}.elementor-widget-text-editor.elementor-drop-cap-view-framed .elementor-drop-cap{color:#69727d;border:3px solid;background-color:transparent}.elementor-widget-text-editor:not(.elementor-drop-cap-view-default) .elementor-drop-cap{margin-top:8px}.elementor-widget-text-editor:not(.elementor-drop-cap-view-default) .elementor-drop-cap-letter{width:1em;height:1em}.elementor-widget-text-editor .elementor-drop-cap{float:left;text-align:center;line-height:1;font-size:50px}.elementor-widget-text-editor .elementor-drop-cap-letter{display:inline-block}<\/style>\t\t\t\t<p><strong>&#8211; &#8222;I M A N I&#8220; &#8211; Zuhause gefunden<\/strong><\/p><p>Ich suche f\u00fcr Imani ein sch\u00f6nes artgerechtes Zuhause mit viel Auslauf und Hasengesellschaft. Sie lebt hier bei mir in der M\u00e4delsgruppe (6 H\u00e4sinnen) incl. einem Kastraten. Hier ist sie sehr vertr\u00e4glich und eher rangniedrig.<\/p><p>Zur Zucht m\u00f6chte ich sie nicht mehr einsetzen, da sie nicht so gerne Mama ist. Ihre Tochter &#8222;Pandora&#8220; habe ich behalten. Ich nehme einfach R\u00fccksicht auf Pandora, auch wenn sie so wahnsinnig typvoll ausschaut.<\/p><p>Wer noch weitere Informationen braucht oder\/und ihr ein sch\u00f6nes Zuhause geben m\u00f6chte, kann sich gerne bei mir melden. Ich freue mich auf eure Anfragen.<\/p><p><span style=\"text-decoration: underline;\">Kosten:<\/span> <b>55 EUR, frisch geimpft<\/b><\/p>\t\t\t\t\t\t<\/div>\n\t\t\t\t<\/div>\n\t\t\t\t\t<\/div>\n\t\t<\/div>\n\t\t\t\t\t<\/div>\n\t\t<\/section>\n\t\t\t\t<section class=\"elementor-section elementor-top-section elementor-element elementor-element-73551348 elementor-section-boxed elementor-section-height-default elementor-section-height-default\" data-id=\"73551348\" data-element_type=\"section\">\n\t\t\t\t\t\t<div class=\"elementor-container elementor-column-gap-default\">\n\t\t\t\t\t<div class=\"elementor-column elementor-col-50 elementor-top-column elementor-element elementor-element-33a763a\" data-id=\"33a763a\" data-element_type=\"column\">\n\t\t\t<div class=\"elementor-widget-wrap elementor-element-populated\">\n\t\t\t\t\t\t<div class=\"elementor-element elementor-element-5692086b elementor-arrows-position-outside elementor-pagination-position-outside elementor-widget elementor-widget-image-carousel\" data-id=\"5692086b\" data-element_type=\"widget\" data-settings=\"{&quot;slides_to_show&quot;:&quot;1&quot;,&quot;autoplay&quot;:&quot;no&quot;,&quot;navigation&quot;:&quot;both&quot;,&quot;infinite&quot;:&quot;yes&quot;,&quot;effect&quot;:&quot;slide&quot;,&quot;speed&quot;:500}\" data-widget_type=\"image-carousel.default\">\n\t\t\t\t<div class=\"elementor-widget-container\">\n\t\t\t\t\t<div class=\"elementor-image-carousel-wrapper swiper\" dir=\"ltr\">\n\t\t\t<div class=\"elementor-image-carousel swiper-wrapper\" aria-live=\"polite\">\n\t\t\t\t\t\t\t\t<div class=\"swiper-slide\" role=\"group\" aria-roledescription=\"slide\" aria-label=\"1 von 1\"><a data-elementor-open-lightbox=\"yes\" data-elementor-lightbox-slideshow=\"5692086b\" data-e-action-hash=\"#elementor-action%3Aaction%3Dlightbox%26settings%3DeyJpZCI6MjkzNiwidXJsIjoiaHR0cHM6XC9cL21pbml3aWRkZXJ2b21raXJzY2hiYXVtLmRlXC93cC1jb250ZW50XC91cGxvYWRzXC8yMDI0XC8wNVwvSGFzZV9rbGVpbi53ZWJwIiwic2xpZGVzaG93IjoiNTY5MjA4NmIifQ%3D%3D\" href=\"https:\/\/miniwiddervomkirschbaum.de\/wp-content\/uploads\/2024\/05\/Hase_klein.webp\"><figure class=\"swiper-slide-inner\"><img decoding=\"async\" class=\"swiper-slide-image\" src=\"https:\/\/miniwiddervomkirschbaum.de\/wp-content\/uploads\/2024\/05\/Hase_klein.webp\" alt=\"Hase_klein\" \/><\/figure><\/a><\/div>\t\t\t<\/div>\n\t\t\t\t\t<\/div>\n\t\t\t\t<\/div>\n\t\t\t\t<\/div>\n\t\t\t\t\t<\/div>\n\t\t<\/div>\n\t\t\t\t<div class=\"elementor-column elementor-col-50 elementor-top-column elementor-element elementor-element-680d5f8e\" data-id=\"680d5f8e\" data-element_type=\"column\">\n\t\t\t<div class=\"elementor-widget-wrap elementor-element-populated\">\n\t\t\t\t\t\t<div class=\"elementor-element elementor-element-51259425 elementor-widget elementor-widget-text-editor\" data-id=\"51259425\" data-element_type=\"widget\" data-widget_type=\"text-editor.default\">\n\t\t\t\t<div class=\"elementor-widget-container\">\n\t\t\t\t\t\t\t<p>Fragt mich gerne, ob ich mich von einem weiteren \u00e4lteren H\u00e4schen trennen m\u00f6chte. Es gibt doch immer mal ein H\u00e4schen, was ausziehen darf und hier noch nicht zu sehen ist. \ud83d\ude42<\/p>\t\t\t\t\t\t<\/div>\n\t\t\t\t<\/div>\n\t\t\t\t\t<\/div>\n\t\t<\/div>\n\t\t\t\t\t<\/div>\n\t\t<\/section>\n\t\t\t\t<section class=\"elementor-section elementor-top-section elementor-element elementor-element-4bdf51be elementor-section-boxed elementor-section-height-default elementor-section-height-default\" data-id=\"4bdf51be\" data-element_type=\"section\">\n\t\t\t\t\t\t<div class=\"elementor-container elementor-column-gap-default\">\n\t\t\t\t\t<div class=\"elementor-column elementor-col-100 elementor-top-column elementor-element elementor-element-7f6485fa\" data-id=\"7f6485fa\" data-element_type=\"column\">\n\t\t\t<div class=\"elementor-widget-wrap elementor-element-populated\">\n\t\t\t\t\t\t<div class=\"elementor-element elementor-element-34022c9 elementor-widget-divider--view-line_icon elementor-view-default elementor-widget-divider--element-align-center elementor-widget elementor-widget-divider\" data-id=\"34022c9\" data-element_type=\"widget\" data-widget_type=\"divider.default\">\n\t\t\t\t<div class=\"elementor-widget-container\">\n\t\t\t<style>\/*! elementor - v3.21.0 - 26-05-2024 *\/\n.elementor-widget-divider{--divider-border-style:none;--divider-border-width:1px;--divider-color:#0c0d0e;--divider-icon-size:20px;--divider-element-spacing:10px;--divider-pattern-height:24px;--divider-pattern-size:20px;--divider-pattern-url:none;--divider-pattern-repeat:repeat-x}.elementor-widget-divider .elementor-divider{display:flex}.elementor-widget-divider .elementor-divider__text{font-size:15px;line-height:1;max-width:95%}.elementor-widget-divider .elementor-divider__element{margin:0 var(--divider-element-spacing);flex-shrink:0}.elementor-widget-divider .elementor-icon{font-size:var(--divider-icon-size)}.elementor-widget-divider .elementor-divider-separator{display:flex;margin:0;direction:ltr}.elementor-widget-divider--view-line_icon .elementor-divider-separator,.elementor-widget-divider--view-line_text .elementor-divider-separator{align-items:center}.elementor-widget-divider--view-line_icon .elementor-divider-separator:after,.elementor-widget-divider--view-line_icon .elementor-divider-separator:before,.elementor-widget-divider--view-line_text .elementor-divider-separator:after,.elementor-widget-divider--view-line_text .elementor-divider-separator:before{display:block;content:\"\";border-block-end:0;flex-grow:1;border-block-start:var(--divider-border-width) var(--divider-border-style) var(--divider-color)}.elementor-widget-divider--element-align-left .elementor-divider .elementor-divider-separator>.elementor-divider__svg:first-of-type{flex-grow:0;flex-shrink:100}.elementor-widget-divider--element-align-left .elementor-divider-separator:before{content:none}.elementor-widget-divider--element-align-left .elementor-divider__element{margin-left:0}.elementor-widget-divider--element-align-right .elementor-divider .elementor-divider-separator>.elementor-divider__svg:last-of-type{flex-grow:0;flex-shrink:100}.elementor-widget-divider--element-align-right .elementor-divider-separator:after{content:none}.elementor-widget-divider--element-align-right .elementor-divider__element{margin-right:0}.elementor-widget-divider--element-align-start .elementor-divider .elementor-divider-separator>.elementor-divider__svg:first-of-type{flex-grow:0;flex-shrink:100}.elementor-widget-divider--element-align-start .elementor-divider-separator:before{content:none}.elementor-widget-divider--element-align-start .elementor-divider__element{margin-inline-start:0}.elementor-widget-divider--element-align-end .elementor-divider .elementor-divider-separator>.elementor-divider__svg:last-of-type{flex-grow:0;flex-shrink:100}.elementor-widget-divider--element-align-end .elementor-divider-separator:after{content:none}.elementor-widget-divider--element-align-end .elementor-divider__element{margin-inline-end:0}.elementor-widget-divider:not(.elementor-widget-divider--view-line_text):not(.elementor-widget-divider--view-line_icon) .elementor-divider-separator{border-block-start:var(--divider-border-width) var(--divider-border-style) var(--divider-color)}.elementor-widget-divider--separator-type-pattern{--divider-border-style:none}.elementor-widget-divider--separator-type-pattern.elementor-widget-divider--view-line .elementor-divider-separator,.elementor-widget-divider--separator-type-pattern:not(.elementor-widget-divider--view-line) .elementor-divider-separator:after,.elementor-widget-divider--separator-type-pattern:not(.elementor-widget-divider--view-line) .elementor-divider-separator:before,.elementor-widget-divider--separator-type-pattern:not([class*=elementor-widget-divider--view]) .elementor-divider-separator{width:100%;min-height:var(--divider-pattern-height);-webkit-mask-size:var(--divider-pattern-size) 100%;mask-size:var(--divider-pattern-size) 100%;-webkit-mask-repeat:var(--divider-pattern-repeat);mask-repeat:var(--divider-pattern-repeat);background-color:var(--divider-color);-webkit-mask-image:var(--divider-pattern-url);mask-image:var(--divider-pattern-url)}.elementor-widget-divider--no-spacing{--divider-pattern-size:auto}.elementor-widget-divider--bg-round{--divider-pattern-repeat:round}.rtl .elementor-widget-divider .elementor-divider__text{direction:rtl}.e-con-inner>.elementor-widget-divider,.e-con>.elementor-widget-divider{width:var(--container-widget-width,100%);--flex-grow:var(--container-widget-flex-grow)}<\/style>\t\t<div class=\"elementor-divider\">\n\t\t\t<span class=\"elementor-divider-separator\">\n\t\t\t\t\t\t\t<div class=\"elementor-icon elementor-divider__element\">\n\t\t\t\t\t<i aria-hidden=\"true\" class=\"fas fa-heart\"><\/i><\/div>\n\t\t\t\t\t\t<\/span>\n\t\t<\/div>\n\t\t\t\t<\/div>\n\t\t\t\t<\/div>\n\t\t\t\t\t<\/div>\n\t\t<\/div>\n\t\t\t\t\t<\/div>\n\t\t<\/section>\n\t\t\t\t<\/div>\n\t\t","protected":false},"excerpt":{"rendered":"<p>Zur\u00fcck Weiter &#8211; &#8222;I M A N I&#8220; &#8211; Zuhause gefunden Ich suche f\u00fcr Imani ein sch\u00f6nes artgerechtes Zuhause mit viel Auslauf und Hasengesellschaft. Sie lebt hier bei mir in der M\u00e4delsgruppe (6 H\u00e4sinnen) incl. einem Kastraten. Hier ist sie sehr vertr\u00e4glich und eher rangniedrig. Zur Zucht m\u00f6chte ich sie nicht mehr einsetzen, da sie &#8230; <a title=\"\u00c4ltere Abgabetiere\" class=\"read-more\" href=\"https:\/\/miniwiddervomkirschbaum.de\/index.php\/aeltere-abgabetiere\/\" aria-label=\"Mehr dazu unter \u00c4ltere Abgabetiere\">Weiterlesen<\/a><\/p>\n","protected":false},"author":1,"featured_media":0,"parent":0,"menu_order":0,"comment_status":"closed","ping_status":"closed","template":"","meta":{"footnotes":""},"yoast_head":"<!-- This site is optimized with the Yoast SEO plugin v22.8 - https:\/\/yoast.com\/wordpress\/plugins\/seo\/ -->\n<title>\u00c4ltere Abgabetiere - Miniwidder vom Kirschbaum<\/title>\n<meta name=\"robots\" content=\"index, follow, max-snippet:-1, max-image-preview:large, max-video-preview:-1\" \/>\n<link rel=\"canonical\" href=\"https:\/\/miniwiddervomkirschbaum.de\/index.php\/aeltere-abgabetiere\/\" \/>\n<meta property=\"og:locale\" content=\"de_DE\" \/>\n<meta property=\"og:type\" content=\"article\" \/>\n<meta property=\"og:title\" content=\"\u00c4ltere Abgabetiere - Miniwidder vom Kirschbaum\" \/>\n<meta property=\"og:description\" content=\"Zur\u00fcck Weiter &#8211; &#8222;I M A N I&#8220; &#8211; Zuhause gefunden Ich suche f\u00fcr Imani ein sch\u00f6nes artgerechtes Zuhause mit viel Auslauf und Hasengesellschaft. Sie lebt hier bei mir in der M\u00e4delsgruppe (6 H\u00e4sinnen) incl. einem Kastraten. Hier ist sie sehr vertr\u00e4glich und eher rangniedrig. Zur Zucht m\u00f6chte ich sie nicht mehr einsetzen, da sie ... Weiterlesen\" \/>\n<meta property=\"og:url\" content=\"https:\/\/miniwiddervomkirschbaum.de\/index.php\/aeltere-abgabetiere\/\" \/>\n<meta property=\"og:site_name\" content=\"Miniwidder vom Kirschbaum\" \/>\n<meta property=\"article:modified_time\" content=\"2024-06-08T06:20:43+00:00\" \/>\n<meta property=\"og:image\" content=\"https:\/\/miniwiddervomkirschbaum.de\/wp-content\/uploads\/2023\/10\/20230908_193826-300x225.jpg\" \/>\n<meta name=\"twitter:card\" content=\"summary_large_image\" \/>\n<meta name=\"twitter:label1\" content=\"Gesch\u00e4tzte Lesezeit\" \/>\n\t<meta name=\"twitter:data1\" content=\"2\u00a0Minuten\" \/>\n<script type=\"application\/ld+json\" class=\"yoast-schema-graph\">{\"@context\":\"https:\/\/schema.org\",\"@graph\":[{\"@type\":\"WebPage\",\"@id\":\"https:\/\/miniwiddervomkirschbaum.de\/index.php\/aeltere-abgabetiere\/\",\"url\":\"https:\/\/miniwiddervomkirschbaum.de\/index.php\/aeltere-abgabetiere\/\",\"name\":\"\u00c4ltere Abgabetiere - Miniwidder vom Kirschbaum\",\"isPartOf\":{\"@id\":\"https:\/\/miniwiddervomkirschbaum.de\/#website\"},\"primaryImageOfPage\":{\"@id\":\"https:\/\/miniwiddervomkirschbaum.de\/index.php\/aeltere-abgabetiere\/#primaryimage\"},\"image\":{\"@id\":\"https:\/\/miniwiddervomkirschbaum.de\/index.php\/aeltere-abgabetiere\/#primaryimage\"},\"thumbnailUrl\":\"https:\/\/miniwiddervomkirschbaum.de\/wp-content\/uploads\/2023\/10\/20230908_193826-300x225.jpg\",\"datePublished\":\"2022-11-29T16:09:52+00:00\",\"dateModified\":\"2024-06-08T06:20:43+00:00\",\"breadcrumb\":{\"@id\":\"https:\/\/miniwiddervomkirschbaum.de\/index.php\/aeltere-abgabetiere\/#breadcrumb\"},\"inLanguage\":\"de\",\"potentialAction\":[{\"@type\":\"ReadAction\",\"target\":[\"https:\/\/miniwiddervomkirschbaum.de\/index.php\/aeltere-abgabetiere\/\"]}]},{\"@type\":\"ImageObject\",\"inLanguage\":\"de\",\"@id\":\"https:\/\/miniwiddervomkirschbaum.de\/index.php\/aeltere-abgabetiere\/#primaryimage\",\"url\":\"https:\/\/miniwiddervomkirschbaum.de\/wp-content\/uploads\/2023\/10\/20230908_193826-scaled.jpg\",\"contentUrl\":\"https:\/\/miniwiddervomkirschbaum.de\/wp-content\/uploads\/2023\/10\/20230908_193826-scaled.jpg\",\"width\":2560,\"height\":1920,\"caption\":\"Imani - Zuhause gesucht\"},{\"@type\":\"BreadcrumbList\",\"@id\":\"https:\/\/miniwiddervomkirschbaum.de\/index.php\/aeltere-abgabetiere\/#breadcrumb\",\"itemListElement\":[{\"@type\":\"ListItem\",\"position\":1,\"name\":\"Startseite\",\"item\":\"https:\/\/miniwiddervomkirschbaum.de\/\"},{\"@type\":\"ListItem\",\"position\":2,\"name\":\"\u00c4ltere Abgabetiere\"}]},{\"@type\":\"WebSite\",\"@id\":\"https:\/\/miniwiddervomkirschbaum.de\/#website\",\"url\":\"https:\/\/miniwiddervomkirschbaum.de\/\",\"name\":\"Miniwidder vom Kirschbaum\",\"description\":\"Miniwidder aus Th\u00fcringen\",\"publisher\":{\"@id\":\"https:\/\/miniwiddervomkirschbaum.de\/#organization\"},\"potentialAction\":[{\"@type\":\"SearchAction\",\"target\":{\"@type\":\"EntryPoint\",\"urlTemplate\":\"https:\/\/miniwiddervomkirschbaum.de\/?s={search_term_string}\"},\"query-input\":\"required name=search_term_string\"}],\"inLanguage\":\"de\"},{\"@type\":\"Organization\",\"@id\":\"https:\/\/miniwiddervomkirschbaum.de\/#organization\",\"name\":\"Miniwidder vom Kirschbaum\",\"url\":\"https:\/\/miniwiddervomkirschbaum.de\/\",\"logo\":{\"@type\":\"ImageObject\",\"inLanguage\":\"de\",\"@id\":\"https:\/\/miniwiddervomkirschbaum.de\/#\/schema\/logo\/image\/\",\"url\":\"https:\/\/miniwiddervomkirschbaum.de\/wp-content\/uploads\/2022\/11\/Kirschbaum-Logo-1.webp\",\"contentUrl\":\"https:\/\/miniwiddervomkirschbaum.de\/wp-content\/uploads\/2022\/11\/Kirschbaum-Logo-1.webp\",\"width\":619,\"height\":298,\"caption\":\"Miniwidder vom Kirschbaum\"},\"image\":{\"@id\":\"https:\/\/miniwiddervomkirschbaum.de\/#\/schema\/logo\/image\/\"},\"sameAs\":[\"https:\/\/instagram.de\/miniwidder_vom_kirschbaum\"]}]}<\/script>\n<!-- \/ Yoast SEO plugin. -->","yoast_head_json":{"title":"\u00c4ltere Abgabetiere - Miniwidder vom Kirschbaum","robots":{"index":"index","follow":"follow","max-snippet":"max-snippet:-1","max-image-preview":"max-image-preview:large","max-video-preview":"max-video-preview:-1"},"canonical":"https:\/\/miniwiddervomkirschbaum.de\/index.php\/aeltere-abgabetiere\/","og_locale":"de_DE","og_type":"article","og_title":"\u00c4ltere Abgabetiere - Miniwidder vom Kirschbaum","og_description":"Zur\u00fcck Weiter &#8211; &#8222;I M A N I&#8220; &#8211; Zuhause gefunden Ich suche f\u00fcr Imani ein sch\u00f6nes artgerechtes Zuhause mit viel Auslauf und Hasengesellschaft. Sie lebt hier bei mir in der M\u00e4delsgruppe (6 H\u00e4sinnen) incl. einem Kastraten. Hier ist sie sehr vertr\u00e4glich und eher rangniedrig. Zur Zucht m\u00f6chte ich sie nicht mehr einsetzen, da sie ... Weiterlesen","og_url":"https:\/\/miniwiddervomkirschbaum.de\/index.php\/aeltere-abgabetiere\/","og_site_name":"Miniwidder vom Kirschbaum","article_modified_time":"2024-06-08T06:20:43+00:00","og_image":[{"url":"https:\/\/miniwiddervomkirschbaum.de\/wp-content\/uploads\/2023\/10\/20230908_193826-300x225.jpg"}],"twitter_card":"summary_large_image","twitter_misc":{"Gesch\u00e4tzte Lesezeit":"2\u00a0Minuten"},"schema":{"@context":"https:\/\/schema.org","@graph":[{"@type":"WebPage","@id":"https:\/\/miniwiddervomkirschbaum.de\/index.php\/aeltere-abgabetiere\/","url":"https:\/\/miniwiddervomkirschbaum.de\/index.php\/aeltere-abgabetiere\/","name":"\u00c4ltere Abgabetiere - Miniwidder vom Kirschbaum","isPartOf":{"@id":"https:\/\/miniwiddervomkirschbaum.de\/#website"},"primaryImageOfPage":{"@id":"https:\/\/miniwiddervomkirschbaum.de\/index.php\/aeltere-abgabetiere\/#primaryimage"},"image":{"@id":"https:\/\/miniwiddervomkirschbaum.de\/index.php\/aeltere-abgabetiere\/#primaryimage"},"thumbnailUrl":"https:\/\/miniwiddervomkirschbaum.de\/wp-content\/uploads\/2023\/10\/20230908_193826-300x225.jpg","datePublished":"2022-11-29T16:09:52+00:00","dateModified":"2024-06-08T06:20:43+00:00","breadcrumb":{"@id":"https:\/\/miniwiddervomkirschbaum.de\/index.php\/aeltere-abgabetiere\/#breadcrumb"},"inLanguage":"de","potentialAction":[{"@type":"ReadAction","target":["https:\/\/miniwiddervomkirschbaum.de\/index.php\/aeltere-abgabetiere\/"]}]},{"@type":"ImageObject","inLanguage":"de","@id":"https:\/\/miniwiddervomkirschbaum.de\/index.php\/aeltere-abgabetiere\/#primaryimage","url":"https:\/\/miniwiddervomkirschbaum.de\/wp-content\/uploads\/2023\/10\/20230908_193826-scaled.jpg","contentUrl":"https:\/\/miniwiddervomkirschbaum.de\/wp-content\/uploads\/2023\/10\/20230908_193826-scaled.jpg","width":2560,"height":1920,"caption":"Imani - Zuhause gesucht"},{"@type":"BreadcrumbList","@id":"https:\/\/miniwiddervomkirschbaum.de\/index.php\/aeltere-abgabetiere\/#breadcrumb","itemListElement":[{"@type":"ListItem","position":1,"name":"Startseite","item":"https:\/\/miniwiddervomkirschbaum.de\/"},{"@type":"ListItem","position":2,"name":"\u00c4ltere Abgabetiere"}]},{"@type":"WebSite","@id":"https:\/\/miniwiddervomkirschbaum.de\/#website","url":"https:\/\/miniwiddervomkirschbaum.de\/","name":"Miniwidder vom Kirschbaum","description":"Miniwidder aus Th\u00fcringen","publisher":{"@id":"https:\/\/miniwiddervomkirschbaum.de\/#organization"},"potentialAction":[{"@type":"SearchAction","target":{"@type":"EntryPoint","urlTemplate":"https:\/\/miniwiddervomkirschbaum.de\/?s={search_term_string}"},"query-input":"required name=search_term_string"}],"inLanguage":"de"},{"@type":"Organization","@id":"https:\/\/miniwiddervomkirschbaum.de\/#organization","name":"Miniwidder vom Kirschbaum","url":"https:\/\/miniwiddervomkirschbaum.de\/","logo":{"@type":"ImageObject","inLanguage":"de","@id":"https:\/\/miniwiddervomkirschbaum.de\/#\/schema\/logo\/image\/","url":"https:\/\/miniwiddervomkirschbaum.de\/wp-content\/uploads\/2022\/11\/Kirschbaum-Logo-1.webp","contentUrl":"https:\/\/miniwiddervomkirschbaum.de\/wp-content\/uploads\/2022\/11\/Kirschbaum-Logo-1.webp","width":619,"height":298,"caption":"Miniwidder vom Kirschbaum"},"image":{"@id":"https:\/\/miniwiddervomkirschbaum.de\/#\/schema\/logo\/image\/"},"sameAs":["https:\/\/instagram.de\/miniwidder_vom_kirschbaum"]}]}},"_links":{"self":[{"href":"https:\/\/miniwiddervomkirschbaum.de\/index.php\/wp-json\/wp\/v2\/pages\/269"}],"collection":[{"href":"https:\/\/miniwiddervomkirschbaum.de\/index.php\/wp-json\/wp\/v2\/pages"}],"about":[{"href":"https:\/\/miniwiddervomkirschbaum.de\/index.php\/wp-json\/wp\/v2\/types\/page"}],"author":[{"embeddable":true,"href":"https:\/\/miniwiddervomkirschbaum.de\/index.php\/wp-json\/wp\/v2\/users\/1"}],"replies":[{"embeddable":true,"href":"https:\/\/miniwiddervomkirschbaum.de\/index.php\/wp-json\/wp\/v2\/comments?post=269"}],"version-history":[{"count":118,"href":"https:\/\/miniwiddervomkirschbaum.de\/index.php\/wp-json\/wp\/v2\/pages\/269\/revisions"}],"predecessor-version":[{"id":3173,"href":"https:\/\/miniwiddervomkirschbaum.de\/index.php\/wp-json\/wp\/v2\/pages\/269\/revisions\/3173"}],"wp:attachment":[{"href":"https:\/\/miniwiddervomkirschbaum.de\/index.php\/wp-json\/wp\/v2\/media?parent=269"}],"curies":[{"name":"wp","href":"https:\/\/api.w.org\/{rel}","templated":true}]}}